{"id":284,"date":"2016-01-04T17:19:51","date_gmt":"2016-01-04T17:19:51","guid":{"rendered":"http:\/\/www.advokat-tichy.cz.bodya.glow.cz\/?page_id=284"},"modified":"2018-03-07T11:31:10","modified_gmt":"2018-03-07T11:31:10","slug":"partneri","status":"publish","type":"page","link":"https:\/\/www.advokat-tichy.cz\/index.php\/partneri\/","title":{"rendered":"Partne\u0159i"},"content":{"rendered":"<p><strong>JUDr. Olga Such\u00e1, advok\u00e1tka<\/strong><\/p>\n<p><strong>I\u010c:<\/strong> 183 02 44<\/p>\n<p><strong>e.\u010d. \u010cAK:<\/strong> 15092<\/p>\n<p><strong>datov\u00e1 schr\u00e1nka<\/strong>: qqwzgi7<\/p>\n<p><strong>se s\u00eddlem:<\/strong> Revolu\u010dn\u00ed 762\/13, Praha 1, PS\u010c: 110 00<br \/>\n<strong>pobo\u010dkou:<\/strong> \u010cechova 503, Veltrusy, PS\u010c: 277 46<\/p>\n<p><strong>mobil: <\/strong>+420 777 73 83 53<\/p>\n<p><strong>e-mail: <\/strong><a href=\"mailto:ak@olgasucha.cz\">ak@olgasucha.cz<\/a><\/p>\n<p><strong>web:\u00a0<\/strong><a href=\"http:\/\/www.olgasucha.cz\">www.olgasucha.cz<\/a><\/p>\n<p>&nbsp;<\/p>\n","protected":false},"excerpt":{"rendered":"<p>JUDr. Olga Such\u00e1, advok\u00e1tka I\u010c: 183 02 44 e.\u010d. \u010cAK: 15092 datov\u00e1 schr\u00e1nka: qqwzgi7 se s\u00eddlem: Revolu\u010dn\u00ed 762\/13, Praha 1, PS\u010c: 110 00 pobo\u010dkou: \u010cechova 503, Veltrusy, PS\u010c: 277 46 mobil: +420 777 73 83 53 e-mail: ak@olgasucha.cz web:\u00a0www.olgasucha.cz &nbsp;<\/p>\n","protected":false},"author":1,"featured_media":0,"parent":0,"menu_order":0,"comment_status":"closed","ping_status":"closed","template":"","meta":{"_mi_skip_tracking":false},"_links":{"self":[{"href":"https:\/\/www.advokat-tichy.cz\/index.php\/wp-json\/wp\/v2\/pages\/284"}],"collection":[{"href":"https:\/\/www.advokat-tichy.cz\/index.php\/wp-json\/wp\/v2\/pages"}],"about":[{"href":"https:\/\/www.advokat-tichy.cz\/index.php\/wp-json\/wp\/v2\/types\/page"}],"author":[{"embeddable":true,"href":"https:\/\/www.advokat-tichy.cz\/index.php\/wp-json\/wp\/v2\/users\/1"}],"replies":[{"embeddable":true,"href":"https:\/\/www.advokat-tichy.cz\/index.php\/wp-json\/wp\/v2\/comments?post=284"}],"version-history":[{"count":4,"href":"https:\/\/www.advokat-tichy.cz\/index.php\/wp-json\/wp\/v2\/pages\/284\/revisions"}],"predecessor-version":[{"id":373,"href":"https:\/\/www.advokat-tichy.cz\/index.php\/wp-json\/wp\/v2\/pages\/284\/revisions\/373"}],"wp:attachment":[{"href":"https:\/\/www.advokat-tichy.cz\/index.php\/wp-json\/wp\/v2\/media?parent=284"}],"curies":[{"name":"wp","href":"https:\/\/api.w.org\/{rel}","templated":true}]}}